er?
False
Let q be 171/12*(-629 - 3)/(-2). Let l = -1410 + q. Is l composite?
True
Is (-10)/(130/(-1651))*(193 - 2) a prime number?
False
Let m = -583 + 610. Is (94086/m)/(87/27 + -3) composite?
True
Suppose -5*f - 11 = -2*l - 4, -25 = 3*f + 4*l. Let z be f/(((-54)/(-861))/(-6)). Suppose -z = -o + 32. Is o a composite number?
True
Suppose 35*d - 2843975 = 2488730. Is d a prime number?
True
Let n be -2*(0 - (3 + 3/(-2))). Is 2/3*3 + 950 + n a prime number?
False
Let q(y) = 26040*y - 2227. Is q(4) composite?
True
Let v = -138223 - -241145. Is v composite?
True
Suppose 0 = 3*c + 4*c - 42. Suppose -c = -4*x + 5*k, -x - 2*k + 5 + 3 = 0. Suppose 2*q - 2*g - 1334 = 0, 0*q - 5*q = -x*g - 3339. Is q a composite number?
True
Let h be -1616 + (-3 - -3)*6/(-6). Is 7/(-3*(1 + h/1614)) a composite number?
True
Is (2/(-7))/(24248301/(-515921) + 47) composite?
False
Let v = 64 + -66. Let s(h) = -122*h + 7. Is s(v) prime?
True
Let k = -162 + 174. Is k/(-2) - -6 - -5489 a composite number?
True
Suppose -21*k = 21*k + 210. Is (k - (-120552)/(-36))/(1/(-15)) a prime number?
False
Let w be 3/(1 - -2)*-1473. Let n = -994 - w. Is n a prime number?
True
Let m(a) = a**2 + 15*a + 7. Let g be m(-15). Suppose 48 - 167 = -g*f. Suppose f*q = 5*q + 2292. Is q a composite number?
False
Suppose 3*y + 2*o = 48129, 13579 + 18515 = 2*y + 4*o. Is y a prime number?
False
Let g(q) = 1067*q - 6. Suppose -9*x + 6 = -3*x. Is g(x) composite?
False
Suppose 267 = 3*j - 201. Let q = -347 + j. Let g = -33 - q. Is g composite?
True
Is ((-48)/480 - (-2 - (-7594722)/(-20)))/2 a composite number?
True
Let j(y) = -22*y**2 + 8*y + 71. Let i be j(-7). Let h = -401 - i. Is h a composite number?
True
Is 57991/(-13 - -14) - (2 + 4) a composite number?
True
Is (-57)/(-12)*(0 + -16)*(-512170)/40 a composite number?
True
Suppose -2*p + x + 12 = 0, 2*x = 5*p + x - 24. Suppose p*z = -3*q + 28 - 3, 0 = -q + 3. Suppose 0 = -5*o + 25, b + 301 - 1432 = -z*o. Is b prime?
False
Let m be (1*-2034)/(-3) - 2. Suppose q - 2*g - 2431 = m, -5*q = -g - 15490. Is q composite?
True
Let s(i) = 434*i**2 - 46*i - 1087. Is s(30) prime?
True
Suppose -14*s = -59712 - 11982. Suppose 3 = -3*z - c, 3*c = c - 6. Suppose -6*t + 3*t + s = z. Is t a composite number?
True
Let j = -18649 - -41642. Is j a prime number?
True
Is -5*13/(-260)*26716 a composite number?
False
Let y(o) = -5903*o - 1887. Is y(-38) prime?
False
Suppose -3 = k, -34*y + 2*k + 461332 = -32*y. Is y prime?
True
Let b be 0/(4 + 1 + -4). Suppose a - 11723 = -5*m, b = -5*m - 5*a + 18100 - 6385. Suppose m = -16*l + 23*l. Is l prime?
False
Suppose 2*j + 67 = j. Let z = -75 - j. Is (-4)/(z/14)*19 composite?
True
Suppose 161*k - 158*k = -417750 + 1279107. Is k a composite number?
True
Let r = -76 + 108. Let q(m) = 22 + 150*m - 43 + r. Is q(9) a prime number?
True
Let u(t) = -2*t**2 - 59*t - 36. Let f be 18/261 - (-3345)/(-145). Is u(f) a prime number?
True
Let y = -232 + 236. Is (-1118 - -1)*y/((-24)/6) composite?
False
Suppose 36*u - 34*u + 4*c = 144018, -5*u = 2*c - 360013. Is u prime?
False
Suppose -7*u - 63 = -84. Suppose -9 = -u*w, 0 = 4*j + 2*w - 5*w - 57059. Is j a prime number?
False
Suppose -458*w + 468*w = 672110. Is w a composite number?
False
Suppose 0 = -6*n - 4 - 32. Is (12/7)/n + (-4839)/(-7) a prime number?
True
Suppose -4*u + 69898 = 3*r - 81756, 2*r = 4*u - 151664. Is u a composite number?
True
Suppose 142*y - 966746 = 131*y. Is y a composite number?
True
Let j(d) = 3*d**2 + 104*d + 71. Let w be j(-34). Let b(p) = 914*p**2 - 56*p + 161. Is b(w) prime?
True
Suppose -4*w = -k + 4646 + 6523, -w + 44591 = 4*k. Is k a composite number?
False
Let a be (-5)/((-80)/(-7368))*16/(-6). Is ((-1)/((-12)/a))/((-2)/(-6)) a composite number?
False
Suppose 4*s = 2678 + 3182. Let g = 349 + s. Suppose 0 = -2*h - 2*h, -2*f - h = -g. Is f a prime number?
True
Let j(v) = -2*v + 22. Let n(q) = -q**2 - 24*q - 38. Let k be n(-22). Let g be j(k). Is 5/((-25)/g) - -4179 a composite number?
False
Let x = -3797 + -10291. Is x/(-30)*15/6 a composite number?
True
Let s(h) = h**3 + 4*h**2 + 8*h - 23. Let f be s(-10). Let k = -1635 - f. Let q = -301 - k. Is q a prime number?
True
Suppose -10*k - 10926 - 13034 = 0. Let p = 6201 - k. Is p a prime number?
True
Is ((-18)/(-8) + -3)*-59188 a composite number?
True
Let n be (-9 - (-2 + -16))*1654/6. Let v be (10/(-8))/((-2)/8). Suppose 5*q - z + 5*z - n = 0, -q + v*z = -473. Is q composite?
True
Let n(i) = i**3 - 10*i**2 - 2*i + 22. Let z be n(10). Suppose 5*y - 2*y - 7 = g, 2*y - z*g = 6. Suppose y*d - 22 - 6 = -2*t, -5*d - 4*t = -71. Is d composite?
True
Let p(i) = i**3 + 2*i**2 - 3*i + 6. Suppose 6*w - 22 = 2. Let u be p(w). Suppose z = -u + 301. Is z a composite number?
False
Let k = 411996 + -77557. Is k composite?
True
Let p = 120 - 108. Suppose -166 = -p*r + 14. Suppose r = -h + 248. Is h composite?
False
Let w(l) = 30*l**2 - 13*l + 87. Let y be w(-10). Let b be 0 - (3 - 4) - -2. Suppose 5*c - 3209 = 2*c - 5*t, -t = b*c - y. Is c a prime number?
False
Suppose c + l + 568 = 0, -559 = c - l + 5*l. Let q = 1520 + c. Suppose -g + 112 = -q. Is g composite?
False
Let f = 45 - 42. Suppose f*r + 2975 = 7388. Suppose r = 4*o + 59. Is o a composite number?
False
Let r = -453451 + 644570. Is r a prime number?
True
Suppose 1 = 2*s - 5. Let f be 4650/18 - 3/(27/s). Let m = f - 47. Is m composite?
False
Let y be ((-1)/(-2))/((-6)/357612). Let n = 57724 + y. Is n composite?
True
Let t(p) = -63941*p - 3419. Is t(-2) a prime number?
False
Let f be (2 - -1)/(((-72)/30)/(-4)). Let w(v) = 2*v + 8*v**2 + 4 + 4*v - 3*v. Is w(f) a prime number?
False
Let t = -58026 - -100800. Suppose -t = a - 2239. Is a/(-25) + (-2)/5 prime?
True
Let b(r) = 898*r**2 - 5*r + 9. Let d be b(5). Suppose 0 = -t + d + 16633. Is t a prime number?
False
Let s(p) = -2500*p - 12843. Is s(-116) composite?
False
Let j(r) = r**2 + 2*r. Let z be j(-3). Suppose 3 + 26 = 4*d - z*x, -4*x + 3 = 3*d. Suppose -d*u + 1358 = f, 2*f - 5457 = -2*f + 5*u. Is f composite?
True
Let v = 110794 + -14067. Is v prime?
False
Let h = -255003 - -464344. Is h prime?
False
Let o = -53 - -44. Let q be (o + 1)*(-2)/4. Suppose -2*s - 5*w = -747, 0 = q*s + 4*w - 151 - 1337. Is s a composite number?
True
Is 5*-1*(16538810/(-186) - (-4)/(-6)) a prime number?
False
Suppose 9*q - 8*q = t - 18591, 0 = -2*t - 5*q + 37196. Is t prime?
True
Let o be 4/3 + (8/(-6) - -2). Suppose d - 20 = -3*y, -2*y - y - 22 = -o*d. Is d prime?
False
Let x = -2132 - -829. Let p = x - -1986. Is p a prime number?
True
Let j(u) = 59*u + 110. Let y be j(-15). Let s = 432 - y. Is s composite?
True
Let q be -359*-3*(-1)/(-12)*4. Let x = 4754 + q. Is x prime?
True
Let d(v) = -656*v + 49. Let w be d(-10). Let b = 10736 - w. Is b prime?
True
Let q(d) = d**3 - 13*d**2 + 16*d - 53. Let n(k) = -k. Let w(l) = -4*n(l) + q(l). Is w(15) a composite number?
True
Let t = 8697 - 4121. Is t + ((-15)/(-21) - 16/(-56)) a composite number?
True
Suppose -132862 = -6*d - 5*x, 0 = -4*d - x + 37400 + 51184. Is d composite?
False
Suppose -80 = -12*r + 40. Suppose 0 = r*f - 8*f - 4534. Is f a prime number?
True
Let o be ((-4)/7)/(14/(-49)) + 3. Suppose -3*q - o*d = -4423, -q + 3*d = 4*q - 7315. Is q prime?
False
Suppose 4*m = 3*n + n, 0 = -m + 5*n + 16. Let u be (4/6)/(m/6 + 1). Suppose 4 = -u*p + p, 0 = 2*v + p - 666. Is v a prime number?
False
Suppose 3*l = 9 + 3. Suppose 0 = 3*p + l*m + 3 + 2, -4*p - 4*m = 4. Is (p*(-3 - 0))/(-2)*422 a composite number?
True
Let p(j) = 8*j + 8*j - 4 + 3. Is p(1) a composite number?
True
Let k(x) = -x**3 + x + 3 + 6*x**2 + 4*x - 3*x. Let u be k(6). Suppose u*o = 14*o + 331. Is o a prime number?
True
Let d be (4 - 4) + 1988 - 3/(-3). Suppose -z - z = -2*y + 3974, -2*z = -y + d. Is y a composite number?
True
Suppose -5*c = -3*n + 156, 135 = n + 2*n + 2*c. Let d = 1434 + n. Is d prime?
True
Suppose -2*z = -l + 1468631, -2*l + 5*z + 1721168 = -1216094. Is l a prime number?
True
Let w(r) = 32*r**2 - 5*r - 7. Let p = -19 + -13. Let s = 36 + p. Is w(s) prime?
False
Suppose 0 = 3*v + 4*v - v. Let g be (v - -1) + (11 - 10). Suppose 2*k = 0, -3*i - 7*k + g*k = -489. Is i composite?
False
Let c = -790159 - -1605098. Is c a prime number?
True
Suppose 5*h + 2*g - 7*g = 15, -1 = -h + 2*g. Suppose -2*q = -4*x - 1068, 5*x = -0*q - h*q + 2595.